{"id":64,"date":"2025-06-01T08:05:52","date_gmt":"2025-06-01T06:05:52","guid":{"rendered":"http:\/\/epqhkef.cluster100.hosting.ovh.net\/?page_id=64"},"modified":"2025-07-25T15:29:27","modified_gmt":"2025-07-25T13:29:27","slug":"actualites","status":"publish","type":"page","link":"https:\/\/www.leschatsdupelerin.fr\/index.php\/actualites\/","title":{"rendered":"ACTUALIT\u00c9S"},"content":{"rendered":"<div class=\"wp-block-image\">\n<figure class=\"aligncenter size-full is-resized\"><img loading=\"lazy\" decoding=\"async\" width=\"808\" height=\"593\" src=\"https:\/\/www.leschatsdupelerin.fr\/wp-content\/uploads\/2025\/06\/chat-lecture.jpg\" alt=\"Chat qui lit\" class=\"wp-image-132\" style=\"width:447px;height:auto\" srcset=\"https:\/\/www.leschatsdupelerin.fr\/wp-content\/uploads\/2025\/06\/chat-lecture.jpg 808w, https:\/\/www.leschatsdupelerin.fr\/wp-content\/uploads\/2025\/06\/chat-lecture-300x220.jpg 300w, https:\/\/www.leschatsdupelerin.fr\/wp-content\/uploads\/2025\/06\/chat-lecture-768x564.jpg 768w\" sizes=\"auto, (max-width: 808px) 100vw, 808px\" \/><figcaption class=\"wp-element-caption\">Cr\u00e9dit photographique : Inconnu<\/figcaption><\/figure>\n<\/div>\n\n\n<p>Cette rubrique se rapporte \u00e0 la vie de l&rsquo;association.<\/p>\n\n\n\n<p>Elle contient :<\/p>\n\n\n\n<ul class=\"wp-block-list\">\n<li>Les dates de nos manifestation<\/li>\n\n\n\n<li>Des billets d&rsquo;humeur<\/li>\n\n\n\n<li>Les histoires de nos rescap\u00e9s<\/li>\n\n\n\n<li>Notre lettre annuelle de nouvelles<\/li>\n\n\n\n<li>Etc..<\/li>\n<\/ul>\n\n\n<ul class=\"wp-block-latest-posts__list wp-block-latest-posts\"><li><a class=\"wp-block-latest-posts__post-title\" href=\"https:\/\/www.leschatsdupelerin.fr\/index.php\/2025\/12\/14\/lettre-de-nouvelles-2025\/\">LETTRE DE NOUVELLES 2025<\/a><\/li>\n<li><a class=\"wp-block-latest-posts__post-title\" href=\"https:\/\/www.leschatsdupelerin.fr\/index.php\/2025\/10\/17\/le-fabuleux-destin-dindy-et-rouletabille\/\">Le fabuleux destin d&rsquo;Indy et Rouletabille<\/a><\/li>\n<li><a class=\"wp-block-latest-posts__post-title\" href=\"https:\/\/www.leschatsdupelerin.fr\/index.php\/2025\/09\/28\/sauvetage-maggi-22-ans-accueillie-par-lassociation-les-chats-du-pelerin\/\">MAGGI<\/a><\/li>\n<li><a class=\"wp-block-latest-posts__post-title\" href=\"https:\/\/www.leschatsdupelerin.fr\/index.php\/2025\/07\/14\/deux-proteges\/\">LILOU<\/a><\/li>\n<\/ul>","protected":false},"excerpt":{"rendered":"<p>Cette rubrique se rapporte \u00e0 la vie de l&rsquo;association. Elle contient :<\/p>\n","protected":false},"author":1,"featured_media":0,"parent":0,"menu_order":0,"comment_status":"closed","ping_status":"closed","template":"","meta":{"footnotes":""},"class_list":["post-64","page","type-page","status-publish","hentry"],"yoast_head":"<!-- This site is optimized with the Yoast SEO plugin v27.5 - https:\/\/yoast.com\/product\/yoast-seo-wordpress\/ -->\n<title>Actualit\u00e9s - Les Chats du P\u00e8lerin<\/title>\n<meta name=\"description\" content=\"Actualit\u00e9s de l&#039;association Les Chats du P\u00e8lerin : vie associative, sauvetages de chats, histoires de certains d&#039;entre eux\" \/>\n<meta name=\"robots\" content=\"index, follow, max-snippet:-1, max-image-preview:large, max-video-preview:-1\" \/>\n<link rel=\"canonical\" href=\"https:\/\/www.leschatsdupelerin.fr\/index.php\/actualites\/\" \/>\n<meta property=\"og:locale\" content=\"fr_FR\" \/>\n<meta property=\"og:type\" content=\"article\" \/>\n<meta property=\"og:title\" content=\"Actualit\u00e9s - Les Chats du P\u00e8lerin\" \/>\n<meta property=\"og:description\" content=\"Actualit\u00e9s de l&#039;association Les Chats du P\u00e8lerin : vie associative, sauvetages de chats, histoires de certains d&#039;entre eux\" \/>\n<meta property=\"og:url\" content=\"https:\/\/www.leschatsdupelerin.fr\/index.php\/actualites\/\" \/>\n<meta property=\"og:site_name\" content=\"Les chats du P\u00e8lerin\" \/>\n<meta property=\"article:modified_time\" content=\"2025-07-25T13:29:27+00:00\" \/>\n<meta property=\"og:image\" content=\"http:\/\/www.leschatsdupelerin.fr\/wp-content\/uploads\/2025\/06\/chat-lecture.jpg\" \/>\n<meta name=\"twitter:card\" content=\"summary_large_image\" \/>\n<meta name=\"twitter:label1\" content=\"Dur\u00e9e de lecture estim\u00e9e\" \/>\n\t<meta name=\"twitter:data1\" content=\"1 minute\" \/>\n<script type=\"application\/ld+json\" class=\"yoast-schema-graph\">{\"@context\":\"https:\\\/\\\/schema.org\",\"@graph\":[{\"@type\":\"WebPage\",\"@id\":\"https:\\\/\\\/www.leschatsdupelerin.fr\\\/index.php\\\/actualites\\\/\",\"url\":\"https:\\\/\\\/www.leschatsdupelerin.fr\\\/index.php\\\/actualites\\\/\",\"name\":\"Actualit\u00e9s - Les Chats du P\u00e8lerin\",\"isPartOf\":{\"@id\":\"https:\\\/\\\/www.leschatsdupelerin.fr\\\/#website\"},\"primaryImageOfPage\":{\"@id\":\"https:\\\/\\\/www.leschatsdupelerin.fr\\\/index.php\\\/actualites\\\/#primaryimage\"},\"image\":{\"@id\":\"https:\\\/\\\/www.leschatsdupelerin.fr\\\/index.php\\\/actualites\\\/#primaryimage\"},\"thumbnailUrl\":\"http:\\\/\\\/www.leschatsdupelerin.fr\\\/wp-content\\\/uploads\\\/2025\\\/06\\\/chat-lecture.jpg\",\"datePublished\":\"2025-06-01T06:05:52+00:00\",\"dateModified\":\"2025-07-25T13:29:27+00:00\",\"description\":\"Actualit\u00e9s de l'association Les Chats du P\u00e8lerin : vie associative, sauvetages de chats, histoires de certains d'entre eux\",\"breadcrumb\":{\"@id\":\"https:\\\/\\\/www.leschatsdupelerin.fr\\\/index.php\\\/actualites\\\/#breadcrumb\"},\"inLanguage\":\"fr-FR\",\"potentialAction\":[{\"@type\":\"ReadAction\",\"target\":[\"https:\\\/\\\/www.leschatsdupelerin.fr\\\/index.php\\\/actualites\\\/\"]}]},{\"@type\":\"ImageObject\",\"inLanguage\":\"fr-FR\",\"@id\":\"https:\\\/\\\/www.leschatsdupelerin.fr\\\/index.php\\\/actualites\\\/#primaryimage\",\"url\":\"http:\\\/\\\/www.leschatsdupelerin.fr\\\/wp-content\\\/uploads\\\/2025\\\/06\\\/chat-lecture.jpg\",\"contentUrl\":\"http:\\\/\\\/www.leschatsdupelerin.fr\\\/wp-content\\\/uploads\\\/2025\\\/06\\\/chat-lecture.jpg\"},{\"@type\":\"BreadcrumbList\",\"@id\":\"https:\\\/\\\/www.leschatsdupelerin.fr\\\/index.php\\\/actualites\\\/#breadcrumb\",\"itemListElement\":[{\"@type\":\"ListItem\",\"position\":1,\"name\":\"Accueil\",\"item\":\"https:\\\/\\\/www.leschatsdupelerin.fr\\\/\"},{\"@type\":\"ListItem\",\"position\":2,\"name\":\"ACTUALIT\u00c9S\"}]},{\"@type\":\"WebSite\",\"@id\":\"https:\\\/\\\/www.leschatsdupelerin.fr\\\/#website\",\"url\":\"https:\\\/\\\/www.leschatsdupelerin.fr\\\/\",\"name\":\"Les chats du P\u00e8lerin\",\"description\":\"\",\"publisher\":{\"@id\":\"https:\\\/\\\/www.leschatsdupelerin.fr\\\/#organization\"},\"potentialAction\":[{\"@type\":\"SearchAction\",\"target\":{\"@type\":\"EntryPoint\",\"urlTemplate\":\"https:\\\/\\\/www.leschatsdupelerin.fr\\\/?s={search_term_string}\"},\"query-input\":{\"@type\":\"PropertyValueSpecification\",\"valueRequired\":true,\"valueName\":\"search_term_string\"}}],\"inLanguage\":\"fr-FR\"},{\"@type\":\"Organization\",\"@id\":\"https:\\\/\\\/www.leschatsdupelerin.fr\\\/#organization\",\"name\":\"Les chats du P\u00e8lerin\",\"url\":\"https:\\\/\\\/www.leschatsdupelerin.fr\\\/\",\"logo\":{\"@type\":\"ImageObject\",\"inLanguage\":\"fr-FR\",\"@id\":\"https:\\\/\\\/www.leschatsdupelerin.fr\\\/#\\\/schema\\\/logo\\\/image\\\/\",\"url\":\"https:\\\/\\\/www.leschatsdupelerin.fr\\\/wp-content\\\/uploads\\\/2025\\\/06\\\/cropped-logo-web-les-chats-du-pelerin.png\",\"contentUrl\":\"https:\\\/\\\/www.leschatsdupelerin.fr\\\/wp-content\\\/uploads\\\/2025\\\/06\\\/cropped-logo-web-les-chats-du-pelerin.png\",\"width\":1315,\"height\":427,\"caption\":\"Les chats du P\u00e8lerin\"},\"image\":{\"@id\":\"https:\\\/\\\/www.leschatsdupelerin.fr\\\/#\\\/schema\\\/logo\\\/image\\\/\"}}]}<\/script>\n<!-- \/ Yoast SEO plugin. -->","yoast_head_json":{"title":"Actualit\u00e9s - Les Chats du P\u00e8lerin","description":"Actualit\u00e9s de l'association Les Chats du P\u00e8lerin : vie associative, sauvetages de chats, histoires de certains d'entre eux","robots":{"index":"index","follow":"follow","max-snippet":"max-snippet:-1","max-image-preview":"max-image-preview:large","max-video-preview":"max-video-preview:-1"},"canonical":"https:\/\/www.leschatsdupelerin.fr\/index.php\/actualites\/","og_locale":"fr_FR","og_type":"article","og_title":"Actualit\u00e9s - Les Chats du P\u00e8lerin","og_description":"Actualit\u00e9s de l'association Les Chats du P\u00e8lerin : vie associative, sauvetages de chats, histoires de certains d'entre eux","og_url":"https:\/\/www.leschatsdupelerin.fr\/index.php\/actualites\/","og_site_name":"Les chats du P\u00e8lerin","article_modified_time":"2025-07-25T13:29:27+00:00","og_image":[{"url":"http:\/\/www.leschatsdupelerin.fr\/wp-content\/uploads\/2025\/06\/chat-lecture.jpg","type":"","width":"","height":""}],"twitter_card":"summary_large_image","twitter_misc":{"Dur\u00e9e de lecture estim\u00e9e":"1 minute"},"schema":{"@context":"https:\/\/schema.org","@graph":[{"@type":"WebPage","@id":"https:\/\/www.leschatsdupelerin.fr\/index.php\/actualites\/","url":"https:\/\/www.leschatsdupelerin.fr\/index.php\/actualites\/","name":"Actualit\u00e9s - Les Chats du P\u00e8lerin","isPartOf":{"@id":"https:\/\/www.leschatsdupelerin.fr\/#website"},"primaryImageOfPage":{"@id":"https:\/\/www.leschatsdupelerin.fr\/index.php\/actualites\/#primaryimage"},"image":{"@id":"https:\/\/www.leschatsdupelerin.fr\/index.php\/actualites\/#primaryimage"},"thumbnailUrl":"http:\/\/www.leschatsdupelerin.fr\/wp-content\/uploads\/2025\/06\/chat-lecture.jpg","datePublished":"2025-06-01T06:05:52+00:00","dateModified":"2025-07-25T13:29:27+00:00","description":"Actualit\u00e9s de l'association Les Chats du P\u00e8lerin : vie associative, sauvetages de chats, histoires de certains d'entre eux","breadcrumb":{"@id":"https:\/\/www.leschatsdupelerin.fr\/index.php\/actualites\/#breadcrumb"},"inLanguage":"fr-FR","potentialAction":[{"@type":"ReadAction","target":["https:\/\/www.leschatsdupelerin.fr\/index.php\/actualites\/"]}]},{"@type":"ImageObject","inLanguage":"fr-FR","@id":"https:\/\/www.leschatsdupelerin.fr\/index.php\/actualites\/#primaryimage","url":"http:\/\/www.leschatsdupelerin.fr\/wp-content\/uploads\/2025\/06\/chat-lecture.jpg","contentUrl":"http:\/\/www.leschatsdupelerin.fr\/wp-content\/uploads\/2025\/06\/chat-lecture.jpg"},{"@type":"BreadcrumbList","@id":"https:\/\/www.leschatsdupelerin.fr\/index.php\/actualites\/#breadcrumb","itemListElement":[{"@type":"ListItem","position":1,"name":"Accueil","item":"https:\/\/www.leschatsdupelerin.fr\/"},{"@type":"ListItem","position":2,"name":"ACTUALIT\u00c9S"}]},{"@type":"WebSite","@id":"https:\/\/www.leschatsdupelerin.fr\/#website","url":"https:\/\/www.leschatsdupelerin.fr\/","name":"Les chats du P\u00e8lerin","description":"","publisher":{"@id":"https:\/\/www.leschatsdupelerin.fr\/#organization"},"potentialAction":[{"@type":"SearchAction","target":{"@type":"EntryPoint","urlTemplate":"https:\/\/www.leschatsdupelerin.fr\/?s={search_term_string}"},"query-input":{"@type":"PropertyValueSpecification","valueRequired":true,"valueName":"search_term_string"}}],"inLanguage":"fr-FR"},{"@type":"Organization","@id":"https:\/\/www.leschatsdupelerin.fr\/#organization","name":"Les chats du P\u00e8lerin","url":"https:\/\/www.leschatsdupelerin.fr\/","logo":{"@type":"ImageObject","inLanguage":"fr-FR","@id":"https:\/\/www.leschatsdupelerin.fr\/#\/schema\/logo\/image\/","url":"https:\/\/www.leschatsdupelerin.fr\/wp-content\/uploads\/2025\/06\/cropped-logo-web-les-chats-du-pelerin.png","contentUrl":"https:\/\/www.leschatsdupelerin.fr\/wp-content\/uploads\/2025\/06\/cropped-logo-web-les-chats-du-pelerin.png","width":1315,"height":427,"caption":"Les chats du P\u00e8lerin"},"image":{"@id":"https:\/\/www.leschatsdupelerin.fr\/#\/schema\/logo\/image\/"}}]}},"_links":{"self":[{"href":"https:\/\/www.leschatsdupelerin.fr\/index.php\/wp-json\/wp\/v2\/pages\/64","targetHints":{"allow":["GET"]}}],"collection":[{"href":"https:\/\/www.leschatsdupelerin.fr\/index.php\/wp-json\/wp\/v2\/pages"}],"about":[{"href":"https:\/\/www.leschatsdupelerin.fr\/index.php\/wp-json\/wp\/v2\/types\/page"}],"author":[{"embeddable":true,"href":"https:\/\/www.leschatsdupelerin.fr\/index.php\/wp-json\/wp\/v2\/users\/1"}],"replies":[{"embeddable":true,"href":"https:\/\/www.leschatsdupelerin.fr\/index.php\/wp-json\/wp\/v2\/comments?post=64"}],"version-history":[{"count":10,"href":"https:\/\/www.leschatsdupelerin.fr\/index.php\/wp-json\/wp\/v2\/pages\/64\/revisions"}],"predecessor-version":[{"id":511,"href":"https:\/\/www.leschatsdupelerin.fr\/index.php\/wp-json\/wp\/v2\/pages\/64\/revisions\/511"}],"wp:attachment":[{"href":"https:\/\/www.leschatsdupelerin.fr\/index.php\/wp-json\/wp\/v2\/media?parent=64"}],"curies":[{"name":"wp","href":"https:\/\/api.w.org\/{rel}","templated":true}]}}

ACTUALITÉS

<div class="wp-block-image">
<figure class="aligncenter size-full is-resized"><img loading="lazy" decoding="async" width="808" height="593" src="https://www.leschatsdupelerin.fr/wp-content/uploads/2025/06/chat-lecture.jpg" alt="Chat qui lit" class="wp-image-132" style="width:447px;height:auto" srcset="https://www.leschatsdupelerin.fr/wp-content/uploads/2025/06/chat-lecture.jpg 808w, https://www.leschatsdupelerin.fr/wp-content/uploads/2025/06/chat-lecture-300x220.jpg 300w, https://www.leschatsdupelerin.fr/wp-content/uploads/2025/06/chat-lecture-768x564.jpg 768w" sizes="auto, (max-width: 808px) 100vw, 808px" /><figcaption class="wp-element-caption">Crédit photographique : Inconnu</figcaption></figure>
</div>


<p>Cette rubrique se rapporte à la vie de l&rsquo;association.</p>



<p>Elle contient :</p>



<ul class="wp-block-list">
<li>Les dates de nos manifestation</li>



<li>Des billets d&rsquo;humeur</li>



<li>Les histoires de nos rescapés</li>



<li>Notre lettre annuelle de nouvelles</li>



<li>Etc..</li>
</ul>


<ul class="wp-block-latest-posts__list wp-block-latest-posts"><li><a class="wp-block-latest-posts__post-title" href="https://www.leschatsdupelerin.fr/index.php/2025/12/14/lettre-de-nouvelles-2025/">LETTRE DE NOUVELLES 2025</a></li>
<li><a class="wp-block-latest-posts__post-title" href="https://www.leschatsdupelerin.fr/index.php/2025/10/17/le-fabuleux-destin-dindy-et-rouletabille/">Le fabuleux destin d&rsquo;Indy et Rouletabille</a></li>
<li><a class="wp-block-latest-posts__post-title" href="https://www.leschatsdupelerin.fr/index.php/2025/09/28/sauvetage-maggi-22-ans-accueillie-par-lassociation-les-chats-du-pelerin/">MAGGI</a></li>
<li><a class="wp-block-latest-posts__post-title" href="https://www.leschatsdupelerin.fr/index.php/2025/07/14/deux-proteges/">LILOU</a></li>
</ul>

<p>Cette rubrique se rapporte à la vie de l&rsquo;association. Elle contient :</p>

<!-- This site is optimized with the Yoast SEO plugin v27.5 - https://yoast.com/product/yoast-seo-wordpress/ -->
<title>Actualités - Les Chats du Pèlerin</title>
<meta name="description" content="Actualités de l&#039;association Les Chats du Pèlerin : vie associative, sauvetages de chats, histoires de certains d&#039;entre eux" />
<meta name="robots" content="index, follow, max-snippet:-1, max-image-preview:large, max-video-preview:-1" />
<link rel="canonical" href="https://www.leschatsdupelerin.fr/index.php/actualites/" />
<meta property="og:locale" content="fr_FR" />
<meta property="og:type" content="article" />
<meta property="og:title" content="Actualités - Les Chats du Pèlerin" />
<meta property="og:description" content="Actualités de l&#039;association Les Chats du Pèlerin : vie associative, sauvetages de chats, histoires de certains d&#039;entre eux" />
<meta property="og:url" content="https://www.leschatsdupelerin.fr/index.php/actualites/" />
<meta property="og:site_name" content="Les chats du Pèlerin" />
<meta property="article:modified_time" content="2025-07-25T13:29:27+00:00" />
<meta property="og:image" content="http://www.leschatsdupelerin.fr/wp-content/uploads/2025/06/chat-lecture.jpg" />
<meta name="twitter:card" content="summary_large_image" />
<meta name="twitter:label1" content="Durée de lecture estimée" />
	<meta name="twitter:data1" content="1 minute" />
<script type="application/ld+json" class="yoast-schema-graph">{"@context":"https:\/\/schema.org","@graph":[{"@type":"WebPage","@id":"https:\/\/www.leschatsdupelerin.fr\/index.php\/actualites\/","url":"https:\/\/www.leschatsdupelerin.fr\/index.php\/actualites\/","name":"Actualités - Les Chats du Pèlerin","isPartOf":{"@id":"https:\/\/www.leschatsdupelerin.fr\/#website"},"primaryImageOfPage":{"@id":"https:\/\/www.leschatsdupelerin.fr\/index.php\/actualites\/#primaryimage"},"image":{"@id":"https:\/\/www.leschatsdupelerin.fr\/index.php\/actualites\/#primaryimage"},"thumbnailUrl":"http:\/\/www.leschatsdupelerin.fr\/wp-content\/uploads\/2025\/06\/chat-lecture.jpg","datePublished":"2025-06-01T06:05:52+00:00","dateModified":"2025-07-25T13:29:27+00:00","description":"Actualités de l'association Les Chats du Pèlerin : vie associative, sauvetages de chats, histoires de certains d'entre eux","breadcrumb":{"@id":"https:\/\/www.leschatsdupelerin.fr\/index.php\/actualites\/#breadcrumb"},"inLanguage":"fr-FR","potentialAction":[{"@type":"ReadAction","target":["https:\/\/www.leschatsdupelerin.fr\/index.php\/actualites\/"]}]},{"@type":"ImageObject","inLanguage":"fr-FR","@id":"https:\/\/www.leschatsdupelerin.fr\/index.php\/actualites\/#primaryimage","url":"http:\/\/www.leschatsdupelerin.fr\/wp-content\/uploads\/2025\/06\/chat-lecture.jpg","contentUrl":"http:\/\/www.leschatsdupelerin.fr\/wp-content\/uploads\/2025\/06\/chat-lecture.jpg"},{"@type":"BreadcrumbList","@id":"https:\/\/www.leschatsdupelerin.fr\/index.php\/actualites\/#breadcrumb","itemListElement":[{"@type":"ListItem","position":1,"name":"Accueil","item":"https:\/\/www.leschatsdupelerin.fr\/"},{"@type":"ListItem","position":2,"name":"ACTUALITÉS"}]},{"@type":"WebSite","@id":"https:\/\/www.leschatsdupelerin.fr\/#website","url":"https:\/\/www.leschatsdupelerin.fr\/","name":"Les chats du Pèlerin","description":"","publisher":{"@id":"https:\/\/www.leschatsdupelerin.fr\/#organization"},"potentialAction":[{"@type":"SearchAction","target":{"@type":"EntryPoint","urlTemplate":"https:\/\/www.leschatsdupelerin.fr\/?s={search_term_string}"},"query-input":{"@type":"PropertyValueSpecification","valueRequired":true,"valueName":"search_term_string"}}],"inLanguage":"fr-FR"},{"@type":"Organization","@id":"https:\/\/www.leschatsdupelerin.fr\/#organization","name":"Les chats du Pèlerin","url":"https:\/\/www.leschatsdupelerin.fr\/","logo":{"@type":"ImageObject","inLanguage":"fr-FR","@id":"https:\/\/www.leschatsdupelerin.fr\/#\/schema\/logo\/image\/","url":"https:\/\/www.leschatsdupelerin.fr\/wp-content\/uploads\/2025\/06\/cropped-logo-web-les-chats-du-pelerin.png","contentUrl":"https:\/\/www.leschatsdupelerin.fr\/wp-content\/uploads\/2025\/06\/cropped-logo-web-les-chats-du-pelerin.png","width":1315,"height":427,"caption":"Les chats du Pèlerin"},"image":{"@id":"https:\/\/www.leschatsdupelerin.fr\/#\/schema\/logo\/image\/"}}]}</script>
<!-- / Yoast SEO plugin. -->

Actualités - Les Chats du Pèlerin

Actualités de l'association Les Chats du Pèlerin : vie associative, sauvetages de chats, histoires de certains d'entre eux

Les chats du Pèlerin
